{"id":14136,"date":"2023-01-17T21:53:55","date_gmt":"2023-01-17T20:53:55","guid":{"rendered":"https:\/\/www.insidebrussels.be\/V2\/?post_type=event_listing&#038;p=14136"},"modified":"2023-02-28T22:55:02","modified_gmt":"2023-02-28T21:55:02","slug":"la-premiere-edition-fiesta-latina-carnaval-a-tourtaxi-bruxelles-2023","status":"publish","type":"event_listing","link":"https:\/\/www.insidebrussels.be\/V2\/\u00e9v\u00e8nement\/la-premiere-edition-fiesta-latina-carnaval-a-tourtaxi-bruxelles-2023\/","title":{"rendered":"La premi\u00e8re \u00e9dition Fiesta Latina Carnaval \u00e0 Tour&#038;Taxi Bruxelles 2023"},"content":{"rendered":"<h2>Une \u00e9dition Fiesta Latina d&rsquo;hiver \u00e0 Tour&amp;Taxi<\/h2>\n<p>Si vous avez toujours r\u00eaver de participer \u00e0 un carnaval de Rio mais que vous n&rsquo;\u00eates pas encore all\u00e9, sachez que quelque chose se pr\u00e9pare \u00e0 Bruxelles. Pour la premi\u00e8re fois, en 2023, le c\u00e9l\u00e8bre <strong>Festival Fiesta Latina<\/strong> aura lieu en hiver avec la th\u00e9matique <em><strong>Carnaval<\/strong><\/em>. Le temps d&rsquo;un weekend de Mars, le festival emmenera les Bruxellois au c\u0153ur des traditions carnavalesques d\u2019Am\u00e9rique latine!<\/p>\n<p>Si vous souhaitez d\u00e9couvrir cet \u00e9v\u00e8nement latino incontournable \u00e0 Bruxelles, o\u00f9 <strong>musique<\/strong>, <strong>ambiance<\/strong> <strong>festive<\/strong> et <strong>traditions sud-am\u00e9ricaines<\/strong> se retrouvent au sein de ce festival&#8230; Cet article Fiesta Latina \u00e9dition Carnaval 2023 ! est fait pour vous!<\/p>\n<p>Les nouveaut\u00e9s ? Des parades de folie hautes en couleurs, pour vous immerger dans le monde carnavalesque et le folklore des pays d\u2019Am\u00e9rique latine \u00e0 travers des danses endiabl\u00e9es, des costumes extravagants, des chars titanesques et bien d\u2019autres encore!<\/p>\n<p>Pour cette toute nouvelle \u00e9dition, les traditions folkloriques et carnavalesques d\u2019Am\u00e9rique du Sud seront mises \u00e0 l\u2019honneur durant 3 jours de festival caliente.<\/p>\n<blockquote><p>&nbsp;<\/p>\n<p class=\"LC20lb MBeuO DKV0Md\"><strong><span style=\"color: #ff0000;\">\ud83c\udfab<a style=\"color: #ff0000;\" href=\"https:\/\/fever.pxf.io\/c\/2920905\/1396783\/16345?prodsku=124039&amp;u=https%3A%2F%2Ffeverup.com%2Fm%2F124039&amp;intsrc=CATF_10347\">D\u00e9couvrir le site pour r\u00e9server votre billet d&rsquo;entr\u00e9e<\/a><\/span><\/strong><\/p>\n<\/blockquote>\n<h3>1. Stands food &amp; beverage qui donneront le go\u00fbt de l\u2019Am\u00e9rique latine<\/h3>\n<p>Au travers de pas moins de 40 stands th\u00e9matiques, vous d\u00e9couvrirez des bars &amp; food trucks aux saveurs sud-am\u00e9ricaines. Laissez-vous s\u00e9duire par leurs saveurs exotiques. Les <strong>arepas<\/strong>, <strong>tacos<\/strong>, <strong>tapas<\/strong>, <strong>chili con carne<\/strong>, <strong>fajitas<\/strong>, <strong>chorizos<\/strong> , <a href=\"https:\/\/www.insidebrussels.be\/V2\/bruxelles\/boire-cocktail-bruxelles-nos-cocktailbars-preferes\/\"><strong>Mojito<\/strong> <\/a>et autres vous donneront le meilleur go\u00fbt de l\u2019Am\u00e9rique latine&#8230; Ne manquez pas ce voyage culinaire!<\/p>\n<figure id=\"attachment_14139\" aria-describedby=\"caption-attachment-14139\" style=\"width: 640px\" class=\"wp-caption aligncenter\"><img decoding=\"async\" class=\"wp-image-14139 size-large\" title=\"Mojito au Food Truck &amp; Bar Fiesta Latina (c) Fiesta Latina Presse Photo\" src=\"https:\/\/www.insidebrussels.be\/V2\/wp-content\/uploads\/2023\/01\/presse-_DSC7948-1024x683.jpg\" alt=\"Food Truck &amp; Bar Fiesta Latina (c) Fiesta Latina Presse Photo\" width=\"640\" height=\"427\" srcset=\"https:\/\/www.insidebrussels.be\/V2\/wp-content\/uploads\/2023\/01\/presse-_DSC7948-1024x683.jpg 1024w, https:\/\/www.insidebrussels.be\/V2\/wp-content\/uploads\/2023\/01\/presse-_DSC7948-300x200.jpg 300w, https:\/\/www.insidebrussels.be\/V2\/wp-content\/uploads\/2023\/01\/presse-_DSC7948-768x512.jpg 768w, https:\/\/www.insidebrussels.be\/V2\/wp-content\/uploads\/2023\/01\/presse-_DSC7948-1536x1025.jpg 1536w, https:\/\/www.insidebrussels.be\/V2\/wp-content\/uploads\/2023\/01\/presse-_DSC7948-2048x1367.jpg 2048w, https:\/\/www.insidebrussels.be\/V2\/wp-content\/uploads\/2023\/01\/presse-_DSC7948-scaled.jpg 1078w\" sizes=\"(max-width: 640px) 100vw, 640px\" \/><figcaption id=\"caption-attachment-14139\" class=\"wp-caption-text\">Food Truck &amp; Bar Fiesta Latina (c) Fiesta Latina Presse Photo<\/figcaption><\/figure>\n<h3>Cours de danse latinos en tous genres &amp; Shows divers<\/h3>\n<p>Si vous avez envie de danser la salsa au rythme latin et que <a href=\"https:\/\/www.insidebrussels.be\/V2\/bruxelles\/ou-apprendre-a-danser-la-salsa-a-bruxelles-cours\/\">vous pratiquez d\u00e9j\u00e0 un peu ou pas du tout la salsa<\/a>.<br \/>\nAu festival Fiesta Latina, vous pourez danser et diff\u00e9rents cours de diverse danses latinos vous seront propos\u00e9s. Assurez-vous peu importe le jour o\u00f9 vous irez, il y aura de quoi s\u2019amuser. Au programme diverses musiques endiabl\u00e9es!\u00a0 Ici pas beoin de r\u00e9server, tout le monde participe.<\/p>\n<blockquote><p><a href=\"https:\/\/fever.pxf.io\/c\/2920905\/1396783\/16345?prodsku=124039&amp;u=https%3A%2F%2Ffeverup.com%2Fm%2F124039&amp;intsrc=CATF_10347\">D\u00e9couvrir le site pour r\u00e9server votre billet d&rsquo;entr\u00e9e<\/a><\/p>\n<p><a href=\"https:\/\/www.insidebrussels.be\/V2\/bruxelles\/ou-apprendre-a-danser-la-salsa-a-bruxelles-cours\/\">Ne manquez pas: O\u00f9 prendre des cours de Salsa \u00e0 Bruxelles<\/a><\/p>\n<p>Voici les diff\u00e9rentes activit\u00e9s:<\/p><\/blockquote>\n<p>Les concerts, spectacles ambulants et multiples activit\u00e9s plus caliente les une que les autres, vous plongeront dans une ambiance latino et festive tout au long de l\u2019\u00e9v\u00e9nement.<\/p>\n<figure id=\"attachment_14141\" aria-describedby=\"caption-attachment-14141\" style=\"width: 640px\" class=\"wp-caption aligncenter\"><img decoding=\"async\" class=\"wp-image-14141 size-large\" title=\"Danse &amp; Show (c) Fiesta Latina Presse Photo\" src=\"https:\/\/www.insidebrussels.be\/V2\/wp-content\/uploads\/2023\/01\/presse-EDAN3665-1-min-1024x684.jpg\" alt=\"Danse &amp; Show (c) Fiesta Latina Presse Photo\" width=\"640\" height=\"428\" srcset=\"https:\/\/www.insidebrussels.be\/V2\/wp-content\/uploads\/2023\/01\/presse-EDAN3665-1-min-1024x684.jpg 1024w, https:\/\/www.insidebrussels.be\/V2\/wp-content\/uploads\/2023\/01\/presse-EDAN3665-1-min-300x200.jpg 300w, https:\/\/www.insidebrussels.be\/V2\/wp-content\/uploads\/2023\/01\/presse-EDAN3665-1-min-768x513.jpg 768w, https:\/\/www.insidebrussels.be\/V2\/wp-content\/uploads\/2023\/01\/presse-EDAN3665-1-min-1536x1026.jpg 1536w, https:\/\/www.insidebrussels.be\/V2\/wp-content\/uploads\/2023\/01\/presse-EDAN3665-1-min-2048x1368.jpg 2048w, https:\/\/www.insidebrussels.be\/V2\/wp-content\/uploads\/2023\/01\/presse-EDAN3665-1-min-scaled.jpg 1078w\" sizes=\"(max-width: 640px) 100vw, 640px\" \/><figcaption id=\"caption-attachment-14141\" class=\"wp-caption-text\">Danse &amp; Show (c) Fiesta Latina Presse Photo<\/figcaption><\/figure>\n<p>Dans les all\u00e9es de l&rsquo;\u00e9v\u00e9nements, voici les divers cours de danse que vous pourrez retrouver<\/p>\n<ul>\n<li><strong>SALSA<\/strong> : Vous avez surement d\u00e9j\u00e0 entendu ce type de musique originaire de Cuba. Des musiques au tempo vif, rythm\u00e9es par l\u2019association de divers instruments ( congas, le timbal, les bongos&#8230;)<\/li>\n<li><strong>BACHATA<\/strong> : Cette musique originaire de R\u00e9publique dominicaine avecdes origines africaine en fera danser plus d&rsquo;un ( kompa ha\u00eftien, le merengue, le cha-cha-cha et le tango&#8230;)<\/li>\n<li><strong>ZUMBA<\/strong> : Comme au Basic-Fit, vous d\u00e9penserez en rythme! Alliez cardio, \u00e9quilibre et flexibilit\u00e9 lors de ces chor\u00e9graphies inspir\u00e9es des danses latines ctelles que la salsa, le tango.<\/li>\n<li><strong>REGGAETON<\/strong> : Ce type de musique urbaine m\u00e9lange \u00e0 la fois la salsa, le reggae et le hip hop. Il parrait que c&rsquo;est \u00e0 Puerto Rico qu&rsquo;elle aura connu ses premi\u00e8res heures de gloire. Un un sol mot vous pourrez r\u00e9sum\u00e9 en :Sensualit\u00e9<\/li>\n<\/ul>\n<h3>Vid\u00e9o de pr\u00e9sentation de Fiesta Latina (2022)<\/h3>\n<p><iframe loading=\"lazy\" title=\"YouTube video player\" src=\"https:\/\/www.youtube.com\/embed\/GjS2wDkpzMw\" width=\"560\" height=\"315\" frameborder=\"0\" allowfullscreen=\"allowfullscreen\"><\/iframe><\/p>\n<p>&nbsp;<\/p>\n<h3>Comment aller \u00e0 Fiesta Latina 2023 ?<\/h3>\n<ul>\n<li>En bus : Lignes STIB 14, 20, 57 : arr\u00eat Tour &amp; Taxis Ligne STIB 89 : arr\u00eat Picard Ligne De LIJN 356 : arr\u00eat Sainctelette<\/li>\n<li>En tram : Lignes STIB 3, 4 : arr\u00eat Gare du Nord Ligne STIB 51 : arr\u00eat Sainctelette<\/li>\n<li>En m\u00e9tro : Ligne STIB 2, 6 : arr\u00eat Yser ou Ribaucourt<\/li>\n<li>En Voiture: Un parking payant est disponible sur place du lundi au jeudi de 18h \u00e0 6h et du vendredi \u00e0 18h jusqu\u2019\u00e0 lundi \u00e0 6h.<\/li>\n<\/ul>\n<h3>Quelle est l&rsquo;adresse de Fiesta Latina \u00e0 Tour &amp; Taxi ?<\/h3>\n<p class=\"LC20lb MBeuO DKV0Md\">\ud83d\udccd\u00a0Adresse: Av. du Port 86C, 1000 Bruxelles OU Rue Picard 13, 1000 Bruxelles.<\/p>\n<blockquote><p><a href=\"https:\/\/fever.pxf.io\/c\/2920905\/1396783\/16345?prodsku=124039&amp;u=https%3A%2F%2Ffeverup.com%2Fm%2F124039&amp;intsrc=CATF_10347\">D\u00e9couvrir le site pour r\u00e9server votre billet d&rsquo;entr\u00e9e<\/a><\/p><\/blockquote>\n<h3>Sites et pages officielles Fiesta Latina 2023 \u00e0 Bruxelles<\/h3>\n<ul>\n<li><a href=\"https:\/\/www.facebook.com\/Fiestalatinabrussels\/\" target=\"_blank\" rel=\"noopener\">Facebook<\/a><\/li>\n<li><a href=\"https:\/\/www.instagram.com\/fiesta.latina\/\" target=\"_blank\" rel=\"noopener\">Instagram<\/a><\/li>\n<\/ul>\n","protected":false},"featured_media":14142,"template":"","meta":{"_lmt_disableupdate":"","_lmt_disable":""},"event_listing_category":[935],"event_listing_type":[925],"class_list":["post-14136","event_listing","type-event_listing","status-publish","has-post-thumbnail","hentry","event_listing_category-community-culture","event_listing_type-party-or-social-gathering"],"amp_enabled":true,"_links":{"self":[{"href":"https:\/\/www.insidebrussels.be\/V2\/wp-json\/wp\/v2\/event_listing\/14136","targetHints":{"allow":["GET"]}}],"collection":[{"href":"https:\/\/www.insidebrussels.be\/V2\/wp-json\/wp\/v2\/event_listing"}],"about":[{"href":"https:\/\/www.insidebrussels.be\/V2\/wp-json\/wp\/v2\/types\/event_listing"}],"wp:featuredmedia":[{"embeddable":true,"href":"https:\/\/www.insidebrussels.be\/V2\/wp-json\/wp\/v2\/media\/14142"}],"wp:attachment":[{"href":"https:\/\/www.insidebrussels.be\/V2\/wp-json\/wp\/v2\/media?parent=14136"}],"wp:term":[{"taxonomy":"event_listing_category","embeddable":true,"href":"https:\/\/www.insidebrussels.be\/V2\/wp-json\/wp\/v2\/event_listing_category?post=14136"},{"taxonomy":"event_listing_type","embeddable":true,"href":"https:\/\/www.insidebrussels.be\/V2\/wp-json\/wp\/v2\/event_listing_type?post=14136"}],"curies":[{"name":"wp","href":"https:\/\/api.w.org\/{rel}","templated":true}]}}

https://www.insidebrussels.be/V2/évènement/la-premiere-edition-fiesta-latina-carnaval-a-tourtaxi-bruxelles-2023/

La première édition Fiesta Latina Carnaval à Tour&#038;Taxi Bruxelles 2023

<h2>Une édition Fiesta Latina d&rsquo;hiver à Tour&amp;Taxi</h2>
<p>Si vous avez toujours rêver de participer à un carnaval de Rio mais que vous n&rsquo;êtes pas encore allé, sachez que quelque chose se prépare à Bruxelles. Pour la première fois, en 2023, le célèbre <strong>Festival Fiesta Latina</strong> aura lieu en hiver avec la thématique <em><strong>Carnaval</strong></em>. Le temps d&rsquo;un weekend de Mars, le festival emmenera les Bruxellois au cœur des traditions carnavalesques d’Amérique latine!</p>
<p>Si vous souhaitez découvrir cet évènement latino incontournable à Bruxelles, où <strong>musique</strong>, <strong>ambiance</strong> <strong>festive</strong> et <strong>traditions sud-américaines</strong> se retrouvent au sein de ce festival&#8230; Cet article Fiesta Latina édition Carnaval 2023 ! est fait pour vous!</p>
<p>Les nouveautés ? Des parades de folie hautes en couleurs, pour vous immerger dans le monde carnavalesque et le folklore des pays d’Amérique latine à travers des danses endiablées, des costumes extravagants, des chars titanesques et bien d’autres encore!</p>
<p>Pour cette toute nouvelle édition, les traditions folkloriques et carnavalesques d’Amérique du Sud seront mises à l’honneur durant 3 jours de festival caliente.</p>
<blockquote><p>&nbsp;</p>
<p class="LC20lb MBeuO DKV0Md"><strong><span style="color: #ff0000;">🎫<a style="color: #ff0000;" href="https://fever.pxf.io/c/2920905/1396783/16345?prodsku=124039&amp;u=https%3A%2F%2Ffeverup.com%2Fm%2F124039&amp;intsrc=CATF_10347">Découvrir le site pour réserver votre billet d&rsquo;entrée</a></span></strong></p>
</blockquote>
<h3>1. Stands food &amp; beverage qui donneront le goût de l’Amérique latine</h3>
<p>Au travers de pas moins de 40 stands thématiques, vous découvrirez des bars &amp; food trucks aux saveurs sud-américaines. Laissez-vous séduire par leurs saveurs exotiques. Les <strong>arepas</strong>, <strong>tacos</strong>, <strong>tapas</strong>, <strong>chili con carne</strong>, <strong>fajitas</strong>, <strong>chorizos</strong> , <a href="https://www.insidebrussels.be/V2/bruxelles/boire-cocktail-bruxelles-nos-cocktailbars-preferes/"><strong>Mojito</strong> </a>et autres vous donneront le meilleur goût de l’Amérique latine&#8230; Ne manquez pas ce voyage culinaire!</p>
<figure id="attachment_14139" aria-describedby="caption-attachment-14139" style="width: 640px" class="wp-caption aligncenter"><img decoding="async" class="wp-image-14139 size-large" title="Mojito au Food Truck &amp; Bar Fiesta Latina (c) Fiesta Latina Presse Photo" src="https://www.insidebrussels.be/V2/wp-content/uploads/2023/01/presse-_DSC7948-1024x683.jpg" alt="Food Truck &amp; Bar Fiesta Latina (c) Fiesta Latina Presse Photo" width="640" height="427" srcset="https://www.insidebrussels.be/V2/wp-content/uploads/2023/01/presse-_DSC7948-1024x683.jpg 1024w, https://www.insidebrussels.be/V2/wp-content/uploads/2023/01/presse-_DSC7948-300x200.jpg 300w, https://www.insidebrussels.be/V2/wp-content/uploads/2023/01/presse-_DSC7948-768x512.jpg 768w, https://www.insidebrussels.be/V2/wp-content/uploads/2023/01/presse-_DSC7948-1536x1025.jpg 1536w, https://www.insidebrussels.be/V2/wp-content/uploads/2023/01/presse-_DSC7948-2048x1367.jpg 2048w, https://www.insidebrussels.be/V2/wp-content/uploads/2023/01/presse-_DSC7948-scaled.jpg 1078w" sizes="(max-width: 640px) 100vw, 640px" /><figcaption id="caption-attachment-14139" class="wp-caption-text">Food Truck &amp; Bar Fiesta Latina (c) Fiesta Latina Presse Photo</figcaption></figure>
<h3>Cours de danse latinos en tous genres &amp; Shows divers</h3>
<p>Si vous avez envie de danser la salsa au rythme latin et que <a href="https://www.insidebrussels.be/V2/bruxelles/ou-apprendre-a-danser-la-salsa-a-bruxelles-cours/">vous pratiquez déjà un peu ou pas du tout la salsa</a>.<br />
Au festival Fiesta Latina, vous pourez danser et différents cours de diverse danses latinos vous seront proposés. Assurez-vous peu importe le jour où vous irez, il y aura de quoi s’amuser. Au programme diverses musiques endiablées!  Ici pas beoin de réserver, tout le monde participe.</p>
<blockquote><p><a href="https://fever.pxf.io/c/2920905/1396783/16345?prodsku=124039&amp;u=https%3A%2F%2Ffeverup.com%2Fm%2F124039&amp;intsrc=CATF_10347">Découvrir le site pour réserver votre billet d&rsquo;entrée</a></p>
<p><a href="https://www.insidebrussels.be/V2/bruxelles/ou-apprendre-a-danser-la-salsa-a-bruxelles-cours/">Ne manquez pas: Où prendre des cours de Salsa à Bruxelles</a></p>
<p>Voici les différentes activités:</p></blockquote>
<p>Les concerts, spectacles ambulants et multiples activités plus caliente les une que les autres, vous plongeront dans une ambiance latino et festive tout au long de l’événement.</p>
<figure id="attachment_14141" aria-describedby="caption-attachment-14141" style="width: 640px" class="wp-caption aligncenter"><img decoding="async" class="wp-image-14141 size-large" title="Danse &amp; Show (c) Fiesta Latina Presse Photo" src="https://www.insidebrussels.be/V2/wp-content/uploads/2023/01/presse-EDAN3665-1-min-1024x684.jpg" alt="Danse &amp; Show (c) Fiesta Latina Presse Photo" width="640" height="428" srcset="https://www.insidebrussels.be/V2/wp-content/uploads/2023/01/presse-EDAN3665-1-min-1024x684.jpg 1024w, https://www.insidebrussels.be/V2/wp-content/uploads/2023/01/presse-EDAN3665-1-min-300x200.jpg 300w, https://www.insidebrussels.be/V2/wp-content/uploads/2023/01/presse-EDAN3665-1-min-768x513.jpg 768w, https://www.insidebrussels.be/V2/wp-content/uploads/2023/01/presse-EDAN3665-1-min-1536x1026.jpg 1536w, https://www.insidebrussels.be/V2/wp-content/uploads/2023/01/presse-EDAN3665-1-min-2048x1368.jpg 2048w, https://www.insidebrussels.be/V2/wp-content/uploads/2023/01/presse-EDAN3665-1-min-scaled.jpg 1078w" sizes="(max-width: 640px) 100vw, 640px" /><figcaption id="caption-attachment-14141" class="wp-caption-text">Danse &amp; Show (c) Fiesta Latina Presse Photo</figcaption></figure>
<p>Dans les allées de l&rsquo;événements, voici les divers cours de danse que vous pourrez retrouver</p>
<ul>
<li><strong>SALSA</strong> : Vous avez surement déjà entendu ce type de musique originaire de Cuba. Des musiques au tempo vif, rythmées par l’association de divers instruments ( congas, le timbal, les bongos&#8230;)</li>
<li><strong>BACHATA</strong> : Cette musique originaire de République dominicaine avecdes origines africaine en fera danser plus d&rsquo;un ( kompa haïtien, le merengue, le cha-cha-cha et le tango&#8230;)</li>
<li><strong>ZUMBA</strong> : Comme au Basic-Fit, vous dépenserez en rythme! Alliez cardio, équilibre et flexibilité lors de ces chorégraphies inspirées des danses latines ctelles que la salsa, le tango.</li>
<li><strong>REGGAETON</strong> : Ce type de musique urbaine mélange à la fois la salsa, le reggae et le hip hop. Il parrait que c&rsquo;est à Puerto Rico qu&rsquo;elle aura connu ses premières heures de gloire. Un un sol mot vous pourrez résumé en :Sensualité</li>
</ul>
<h3>Vidéo de présentation de Fiesta Latina (2022)</h3>
<p><iframe loading="lazy" title="YouTube video player" src="https://www.youtube.com/embed/GjS2wDkpzMw" width="560" height="315" frameborder="0" allowfullscreen="allowfullscreen"></iframe></p>
<p>&nbsp;</p>
<h3>Comment aller à Fiesta Latina 2023 ?</h3>
<ul>
<li>En bus : Lignes STIB 14, 20, 57 : arrêt Tour &amp; Taxis Ligne STIB 89 : arrêt Picard Ligne De LIJN 356 : arrêt Sainctelette</li>
<li>En tram : Lignes STIB 3, 4 : arrêt Gare du Nord Ligne STIB 51 : arrêt Sainctelette</li>
<li>En métro : Ligne STIB 2, 6 : arrêt Yser ou Ribaucourt</li>
<li>En Voiture: Un parking payant est disponible sur place du lundi au jeudi de 18h à 6h et du vendredi à 18h jusqu’à lundi à 6h.</li>
</ul>
<h3>Quelle est l&rsquo;adresse de Fiesta Latina à Tour &amp; Taxi ?</h3>
<p class="LC20lb MBeuO DKV0Md">📍 Adresse: Av. du Port 86C, 1000 Bruxelles OU Rue Picard 13, 1000 Bruxelles.</p>
<blockquote><p><a href="https://fever.pxf.io/c/2920905/1396783/16345?prodsku=124039&amp;u=https%3A%2F%2Ffeverup.com%2Fm%2F124039&amp;intsrc=CATF_10347">Découvrir le site pour réserver votre billet d&rsquo;entrée</a></p></blockquote>
<h3>Sites et pages officielles Fiesta Latina 2023 à Bruxelles</h3>
<ul>
<li><a href="https://www.facebook.com/Fiestalatinabrussels/" target="_blank" rel="noopener">Facebook</a></li>
<li><a href="https://www.instagram.com/fiesta.latina/" target="_blank" rel="noopener">Instagram</a></li>
</ul>
