{"id":14230,"date":"2023-02-08T22:21:12","date_gmt":"2023-02-08T21:21:12","guid":{"rendered":"https:\/\/www.insidebrussels.be\/V2\/?post_type=event_listing&#038;p=14230"},"modified":"2023-02-08T22:22:11","modified_gmt":"2023-02-08T21:22:11","slug":"expo-jeter-histoire-dune-crise-contemporaine-gratuit","status":"publish","type":"event_listing","link":"https:\/\/www.insidebrussels.be\/V2\/\u00e9v\u00e8nement\/expo-jeter-histoire-dune-crise-contemporaine-gratuit\/","title":{"rendered":"(Gratuit) EXPO Jeter &#8211; Histoire d\u2019une crise contemporaine"},"content":{"rendered":"<div dir=\"auto\">\n<h2>\u00a0\u00bbThrowaway &#8211; The history of a modern crisis\u00a0\u00bb<\/h2>\n<p>Un point de vue historique sur les d\u00e9chets, partie \u00e9merg\u00e9e de la crise environnementale.<\/p>\n<p>Si l&rsquo;histoire de nos d\u00e9ch\u00eats vous int\u00e9resse, rendez-vous \u00e0 la Maison de l\u2019histoire europ\u00e9enne. <strong>Du 18 f\u00e9vrier 2023 au 14 janvier 2024,<\/strong> vous aurez l&rsquo;occasion de faire tour d\u2019horizon in\u00e9dit de l\u2019histoire de nos d\u00e9chets. L\u2019exposition retrace les changements majeurs dans la mani\u00e8re dont nous g\u00e9rons et percevons nos d\u00e9chets. Plonger dans une histoire allant de la r\u00e9volution industrielle jusqu\u2019aux d\u00e9rives de la soci\u00e9t\u00e9 de consommation actuelle.<\/p>\n<blockquote><p>\u00ab Les d\u00e9chets font partie int\u00e9grante de notre vie. En tant que tels, ils m\u00e9ritent notre attention, tout comme celles et ceux qui les traitent de quelque mani\u00e8re que ce soit &#8211; parce que les d\u00e9chets sont une trace de nos modes de vie pass\u00e9s, pr\u00e9sents et, pourquoi pas, futurs. Mais aussi parce que c&rsquo;est un signe qui doit nous inciter \u00e0 agir pour un monde plus durable. \u00bb<\/p>\n<p>Christine Dupont, commissaire de l\u2019exposition,<\/p><\/blockquote>\n<h3>Les d\u00e9ch\u00eats ne datent pas de hier&#8230;<\/h3>\n<p>Fragments d\u2019objets de l\u2019\u00e2ge de bronze, \u00e9chantillons de chiffons blancs utilis\u00e9s en papeterie au 19e si\u00e8cle, appareils \u00e9lectroniques\u2026 Qu\u2019il soit industriel ou m\u00e9nager, toxique ou r\u00e9utilisable, le d\u00e9chet est r\u00e9v\u00e9lateur. Alors que nous avons tendance \u00e0 ne plus vouloir penser \u00e0 ce que nous avons jet\u00e9, l\u2019exposition nous invite d\u2019une mani\u00e8re saisissante \u00e0 passer au crible les d\u00e9tritus de nos soci\u00e9t\u00e9s.<\/p>\n<p>Les objets et t\u00e9moignages qui y sont pr\u00e9sent\u00e9s nous font prendre la mesure de l\u2019impact \u00e9cologique des d\u00e9chets et de la responsabilit\u00e9 historique et contemporaine de l\u2019Europe sur le sujet. Non pas pour nous accabler, mais pour faire r\u00e9fl\u00e9chir : en tant qu\u2019individus et soci\u00e9t\u00e9s, pouvons-nous faire obstacle \u00e0 l\u2019accumulation infinie des d\u00e9chets, et si oui, comment ?<\/p>\n<h3>Recycler<\/h3>\n<p>Enrichie par l\u2019expertise de professionnelles et de professionnels bruxellois du traitement, du recyclage et de la r\u00e9utilisation du d\u00e9chet, l\u2019exposition est compl\u00e9t\u00e9e par une publication interdisciplinaire et par une plateforme web transnationale Throwaway, d\u00e9velopp\u00e9e en partenariat avec neuf mus\u00e9es europ\u00e9ens, qui propose un vaste ensemble d\u2019images, de textes et de vid\u00e9os autour du sujet.<\/p>\n<div class=\"x11i5rnm xat24cr x1mh8g0r x1vvkbs xtlvy1s x126k92a\">\n<h3 dir=\"auto\">Les 4 th\u00e9matiques de l&rsquo;exposition \u00ab\u00a0Jetter\u00a0\u00bb<\/h3>\n<div dir=\"auto\">L&rsquo;exposition explore la probl\u00e9matique du d\u00e9ch\u00eat selon 4 sections<\/div>\n<\/div>\n<div class=\"x11i5rnm xat24cr x1mh8g0r x1vvkbs xtlvy1s x126k92a\">\n<ul>\n<li dir=\"auto\"><span class=\"x3nfvp2 x1j61x8r x1fcty0u xdj266r xhhsvwb xat24cr xgzva0m xxymvpz xlup9mm x1kky2od\"><img decoding=\"async\" src=\"https:\/\/static.xx.fbcdn.net\/images\/emoji.php\/v9\/t93\/1.5\/16\/31_20e3.png\" alt=\"1\ufe0f\u20e3\" width=\"16\" height=\"16\" \/><\/span> Did you say rubbish?<\/li>\n<li dir=\"auto\"><img decoding=\"async\" src=\"https:\/\/static.xx.fbcdn.net\/images\/emoji.php\/v9\/tb2\/1.5\/16\/32_20e3.png\" alt=\"2\ufe0f\u20e3\" width=\"16\" height=\"16\" \/> From waste to refuse (1800 &#8211; 1845)<\/li>\n<li dir=\"auto\"><img decoding=\"async\" src=\"https:\/\/static.xx.fbcdn.net\/images\/emoji.php\/v9\/td1\/1.5\/16\/33_20e3.png\" alt=\"3\ufe0f\u20e3\" width=\"16\" height=\"16\" \/> Throwaway Europe (1945 &#8211; today)<\/li>\n<li dir=\"auto\"><img decoding=\"async\" src=\"https:\/\/static.xx.fbcdn.net\/images\/emoji.php\/v9\/tf0\/1.5\/16\/34_20e3.png\" alt=\"4\ufe0f\u20e3\" width=\"16\" height=\"16\" \/> Living with(out) rubbish<\/li>\n<\/ul>\n<\/div>\n<h3>En savoir plus<\/h3>\n<p>L&rsquo;exposition est accessible en fran\u00e7ais, n\u00e9erlandais, anglais et allemand.<\/p>\n<p class=\"LC20lb MBeuO DKV0Md\">\ud83d\udc6a S\u2019adresse au grand public, des visites et des activit\u00e9s sp\u00e9ciales sont organis\u00e9es pour les \u00e9coles.<\/p>\n<p class=\"LC20lb MBeuO DKV0Md\">\ud83d\udcb0\u00a0L&rsquo;entr\u00e9e est gratuite.<\/p>\n<p>&nbsp;<\/p>\n<\/div>\n<div class=\"x11i5rnm xat24cr x1mh8g0r x1vvkbs xtlvy1s x126k92a\"><\/div>\n<p>&nbsp;<\/p>\n","protected":false},"featured_media":14231,"template":"","meta":{"_lmt_disableupdate":"","_lmt_disable":""},"event_listing_category":[936],"event_listing_type":[932],"class_list":["post-14230","event_listing","type-event_listing","status-publish","has-post-thumbnail","hentry","event_listing_category-family-education","event_listing_type-tradeshow-consumer-show-or-expo"],"amp_enabled":true,"_links":{"self":[{"href":"https:\/\/www.insidebrussels.be\/V2\/wp-json\/wp\/v2\/event_listing\/14230","targetHints":{"allow":["GET"]}}],"collection":[{"href":"https:\/\/www.insidebrussels.be\/V2\/wp-json\/wp\/v2\/event_listing"}],"about":[{"href":"https:\/\/www.insidebrussels.be\/V2\/wp-json\/wp\/v2\/types\/event_listing"}],"wp:featuredmedia":[{"embeddable":true,"href":"https:\/\/www.insidebrussels.be\/V2\/wp-json\/wp\/v2\/media\/14231"}],"wp:attachment":[{"href":"https:\/\/www.insidebrussels.be\/V2\/wp-json\/wp\/v2\/media?parent=14230"}],"wp:term":[{"taxonomy":"event_listing_category","embeddable":true,"href":"https:\/\/www.insidebrussels.be\/V2\/wp-json\/wp\/v2\/event_listing_category?post=14230"},{"taxonomy":"event_listing_type","embeddable":true,"href":"https:\/\/www.insidebrussels.be\/V2\/wp-json\/wp\/v2\/event_listing_type?post=14230"}],"curies":[{"name":"wp","href":"https:\/\/api.w.org\/{rel}","templated":true}]}}

https://www.insidebrussels.be/V2/évènement/expo-jeter-histoire-dune-crise-contemporaine-gratuit/

<div dir="auto">
<h2> »Throwaway &#8211; The history of a modern crisis »</h2>
<p>Un point de vue historique sur les déchets, partie émergée de la crise environnementale.</p>
<p>Si l&rsquo;histoire de nos déchêts vous intéresse, rendez-vous à la Maison de l’histoire européenne. <strong>Du 18 février 2023 au 14 janvier 2024,</strong> vous aurez l&rsquo;occasion de faire tour d’horizon inédit de l’histoire de nos déchets. L’exposition retrace les changements majeurs dans la manière dont nous gérons et percevons nos déchets. Plonger dans une histoire allant de la révolution industrielle jusqu’aux dérives de la société de consommation actuelle.</p>
<blockquote><p>« Les déchets font partie intégrante de notre vie. En tant que tels, ils méritent notre attention, tout comme celles et ceux qui les traitent de quelque manière que ce soit &#8211; parce que les déchets sont une trace de nos modes de vie passés, présents et, pourquoi pas, futurs. Mais aussi parce que c&rsquo;est un signe qui doit nous inciter à agir pour un monde plus durable. »</p>
<p>Christine Dupont, commissaire de l’exposition,</p></blockquote>
<h3>Les déchêts ne datent pas de hier&#8230;</h3>
<p>Fragments d’objets de l’âge de bronze, échantillons de chiffons blancs utilisés en papeterie au 19e siècle, appareils électroniques… Qu’il soit industriel ou ménager, toxique ou réutilisable, le déchet est révélateur. Alors que nous avons tendance à ne plus vouloir penser à ce que nous avons jeté, l’exposition nous invite d’une manière saisissante à passer au crible les détritus de nos sociétés.</p>
<p>Les objets et témoignages qui y sont présentés nous font prendre la mesure de l’impact écologique des déchets et de la responsabilité historique et contemporaine de l’Europe sur le sujet. Non pas pour nous accabler, mais pour faire réfléchir : en tant qu’individus et sociétés, pouvons-nous faire obstacle à l’accumulation infinie des déchets, et si oui, comment ?</p>
<h3>Recycler</h3>
<p>Enrichie par l’expertise de professionnelles et de professionnels bruxellois du traitement, du recyclage et de la réutilisation du déchet, l’exposition est complétée par une publication interdisciplinaire et par une plateforme web transnationale Throwaway, développée en partenariat avec neuf musées européens, qui propose un vaste ensemble d’images, de textes et de vidéos autour du sujet.</p>
<div class="x11i5rnm xat24cr x1mh8g0r x1vvkbs xtlvy1s x126k92a">
<h3 dir="auto">Les 4 thématiques de l&rsquo;exposition « Jetter »</h3>
<div dir="auto">L&rsquo;exposition explore la problématique du déchêt selon 4 sections</div>
</div>
<div class="x11i5rnm xat24cr x1mh8g0r x1vvkbs xtlvy1s x126k92a">
<ul>
<li dir="auto"><span class="x3nfvp2 x1j61x8r x1fcty0u xdj266r xhhsvwb xat24cr xgzva0m xxymvpz xlup9mm x1kky2od"><img decoding="async" src="https://static.xx.fbcdn.net/images/emoji.php/v9/t93/1.5/16/31_20e3.png" alt="1️⃣" width="16" height="16" /></span> Did you say rubbish?</li>
<li dir="auto"><img decoding="async" src="https://static.xx.fbcdn.net/images/emoji.php/v9/tb2/1.5/16/32_20e3.png" alt="2️⃣" width="16" height="16" /> From waste to refuse (1800 &#8211; 1845)</li>
<li dir="auto"><img decoding="async" src="https://static.xx.fbcdn.net/images/emoji.php/v9/td1/1.5/16/33_20e3.png" alt="3️⃣" width="16" height="16" /> Throwaway Europe (1945 &#8211; today)</li>
<li dir="auto"><img decoding="async" src="https://static.xx.fbcdn.net/images/emoji.php/v9/tf0/1.5/16/34_20e3.png" alt="4️⃣" width="16" height="16" /> Living with(out) rubbish</li>
</ul>
</div>
<h3>En savoir plus</h3>
<p>L&rsquo;exposition est accessible en français, néerlandais, anglais et allemand.</p>
<p class="LC20lb MBeuO DKV0Md">👪 S’adresse au grand public, des visites et des activités spéciales sont organisées pour les écoles.</p>
<p class="LC20lb MBeuO DKV0Md">💰 L&rsquo;entrée est gratuite.</p>
<p>&nbsp;</p>
</div>
<div class="x11i5rnm xat24cr x1mh8g0r x1vvkbs xtlvy1s x126k92a"></div>
<p>&nbsp;</p>
