{"id":14238,"date":"2023-02-08T23:28:03","date_gmt":"2023-02-08T22:28:03","guid":{"rendered":"https:\/\/www.insidebrussels.be\/V2\/?post_type=event_listing&#038;p=14238"},"modified":"2023-02-28T22:22:17","modified_gmt":"2023-02-28T21:22:17","slug":"gratuit-festival-sculptura","status":"publish","type":"event_listing","link":"https:\/\/www.insidebrussels.be\/V2\/\u00e9v\u00e8nement\/gratuit-festival-sculptura\/","title":{"rendered":"(Gratuit) Festival Sculptura"},"content":{"rendered":"<blockquote><p><strong>Rendez-vous du vendredi 10 f\u00e9vrier au dimanche 12 mars 2023 pour d\u00e9couvrir le tout premier festival SCULPTURA , \u00e0 la Gare Maritime, sur le site de <a href=\"https:\/\/www.insidebrussels.be\/V2\/bruxelles\/event-venue\/tour-taxi\/\">Tour &amp; Taxis.<\/a><\/strong><\/p>\n<h2>\u00ab\u00a0A Journey to Discovery\u201d<\/h2>\n<p>C&rsquo;est le th\u00e8me de l&rsquo;expo. ( \u201cA Journey to Discovery\u201d).\u00a0 Vous l&rsquo;avez compris, <strong>Sculptura #1\u00a0<\/strong>mettra en valeur <strong>l&rsquo;art de la sculpture. <\/strong>Au programme:<\/p>\n<ul>\n<li>un large \u00e9ventail de styles,<\/li>\n<li>des \u0153uvres monumentales,<\/li>\n<li>des oeuvre plus petites,<\/li>\n<li>des artistes de renomm\u00e9e internationale de toutes les g\u00e9n\u00e9rations.<\/li>\n<\/ul>\n<p>Le festival a pour ambition de devenir une r\u00e9f\u00e9rence annuelle dans le monde de l&rsquo;art au niveau international. Avec cette premi\u00e8re \u00e9dition, Sculptura frappe fort et veut se positionner au premier plan.<\/p>\n<p>Brussels Sculpture Festival se veut accessible et attache donc une grande importance \u00e0 l&rsquo;accessibilit\u00e9 et \u00e0 l&rsquo;inclusion.\u00a0 Cla se voit dans leur ambition. En effet, ils souhaitent installer davantage de sculptures dans la ville de Bruxelles afin de faire profiter ceux qui y vivent ou y travaillent.<\/p>\n<p>\u00ab\u00a0<em>Imaginez un \u00e9v\u00e9nement comme Beaufort, la triennale d\u2019art de la c\u00f4te belge. Installez toutes ces \u0153uvres dans une salle d&rsquo;exposition monumentale unique \u00e0 Bruxelles, \u00e0 l\u2019abri des intemp\u00e9ries, et ouvrez-la gratuitement au public.\u00a0<strong>Sculptura #1<\/strong>, c\u2019est exactement \u00e7a<\/em> \u00bb,<br \/>\n\u00c4ke Verstraelen (Organisateur, Brussels Sculpture Festival asbl).<\/p>\n<h2>Un lieu mythique pour des scuptures exceptionelles<\/h2>\n<p>L&rsquo;asbl souhaitent profiter de la revalorisation de la zone du canal pour donner \u00e0 l&rsquo;art toute sa place dans l&rsquo;espace public Bruxellois. Ils ont donc choisis la Gare Maritime pour acceuillir ce festival. Un lieu mythique&#8230; si vous ne connaissez pas encore l&rsquo;ancienne gare de marchandises de Tour &amp; Taxis, sachez que celle-ci a \u00e9t\u00e9 magnifiquement restaur\u00e9e. Avec ses salles majestueuses de 280 m\u00e8tres de profondeur, dont la vo\u00fbte repose sur des piliers \u00e9lanc\u00e9s en fonte de style Art Nouveau, ce lieu historique fera de la visite de Sculptura #1 <strong>une exp\u00e9rience unique.<\/strong><\/p><\/blockquote>\n<h2>Artistes pr\u00e9sent\u00e9s \u00e0 l&rsquo;expo Scuptura<\/h2>\n<ol>\n<li>Atelier Van Lieshout (NL),<\/li>\n<li>Willem Boel (BE),<\/li>\n<li>Jean Boghossian (BE),<\/li>\n<li>Dries Boutsen (BE),<\/li>\n<li>Caroline Coolen (BE),<\/li>\n<li>Ivan Cremer (NL),<\/li>\n<li>Dirk De Keyzer (BE),<\/li>\n<li>Nick Ervinck (BE),<\/li>\n<li>Didier Fran\u00e7ois (BE),<\/li>\n<li>Tom Frantzen (BE),<\/li>\n<li>Pal Horv\u00e1th (HU),<\/li>\n<li>Athar Jaber (BE),<\/li>\n<li>Peter Jacquemyn (BE),<\/li>\n<li>Kate\u0159ina Komm (CZ),<\/li>\n<li>Arne Quinze (BE),<\/li>\n<li>Mark Swysen (BE),<\/li>\n<li>G\u00e1bor Mikl\u00f3s Sz\u0151ke (HU),<\/li>\n<li>Koenraad Tinel (BE),<\/li>\n<li>Benedikt Tolar (CZ),<\/li>\n<li>Koen Vanmechelen (BE),<\/li>\n<li>Luk Van Soom (BE)<\/li>\n<li>Eelke van Willegen (NL)<\/li>\n<\/ol>\n","protected":false},"featured_media":14239,"template":"","meta":{"_lmt_disableupdate":"","_lmt_disable":""},"event_listing_category":[942],"event_listing_type":[932],"class_list":["post-14238","event_listing","type-event_listing","status-publish","has-post-thumbnail","hentry","event_listing_category-performing-visual-arts","event_listing_type-tradeshow-consumer-show-or-expo"],"amp_enabled":true,"_links":{"self":[{"href":"https:\/\/www.insidebrussels.be\/V2\/wp-json\/wp\/v2\/event_listing\/14238","targetHints":{"allow":["GET"]}}],"collection":[{"href":"https:\/\/www.insidebrussels.be\/V2\/wp-json\/wp\/v2\/event_listing"}],"about":[{"href":"https:\/\/www.insidebrussels.be\/V2\/wp-json\/wp\/v2\/types\/event_listing"}],"wp:featuredmedia":[{"embeddable":true,"href":"https:\/\/www.insidebrussels.be\/V2\/wp-json\/wp\/v2\/media\/14239"}],"wp:attachment":[{"href":"https:\/\/www.insidebrussels.be\/V2\/wp-json\/wp\/v2\/media?parent=14238"}],"wp:term":[{"taxonomy":"event_listing_category","embeddable":true,"href":"https:\/\/www.insidebrussels.be\/V2\/wp-json\/wp\/v2\/event_listing_category?post=14238"},{"taxonomy":"event_listing_type","embeddable":true,"href":"https:\/\/www.insidebrussels.be\/V2\/wp-json\/wp\/v2\/event_listing_type?post=14238"}],"curies":[{"name":"wp","href":"https:\/\/api.w.org\/{rel}","templated":true}]}}

https://www.insidebrussels.be/V2/évènement/gratuit-festival-sculptura/

<blockquote><p><strong>Rendez-vous du vendredi 10 février au dimanche 12 mars 2023 pour découvrir le tout premier festival SCULPTURA , à la Gare Maritime, sur le site de <a href="https://www.insidebrussels.be/V2/bruxelles/event-venue/tour-taxi/">Tour &amp; Taxis.</a></strong></p>
<h2>« A Journey to Discovery”</h2>
<p>C&rsquo;est le thème de l&rsquo;expo. ( “A Journey to Discovery”).  Vous l&rsquo;avez compris, <strong>Sculptura #1 </strong>mettra en valeur <strong>l&rsquo;art de la sculpture. </strong>Au programme:</p>
<ul>
<li>un large éventail de styles,</li>
<li>des œuvres monumentales,</li>
<li>des oeuvre plus petites,</li>
<li>des artistes de renommée internationale de toutes les générations.</li>
</ul>
<p>Le festival a pour ambition de devenir une référence annuelle dans le monde de l&rsquo;art au niveau international. Avec cette première édition, Sculptura frappe fort et veut se positionner au premier plan.</p>
<p>Brussels Sculpture Festival se veut accessible et attache donc une grande importance à l&rsquo;accessibilité et à l&rsquo;inclusion.  Cla se voit dans leur ambition. En effet, ils souhaitent installer davantage de sculptures dans la ville de Bruxelles afin de faire profiter ceux qui y vivent ou y travaillent.</p>
<p>« <em>Imaginez un événement comme Beaufort, la triennale d’art de la côte belge. Installez toutes ces œuvres dans une salle d&rsquo;exposition monumentale unique à Bruxelles, à l’abri des intempéries, et ouvrez-la gratuitement au public. <strong>Sculptura #1</strong>, c’est exactement ça</em> »,<br />
Äke Verstraelen (Organisateur, Brussels Sculpture Festival asbl).</p>
<h2>Un lieu mythique pour des scuptures exceptionelles</h2>
<p>L&rsquo;asbl souhaitent profiter de la revalorisation de la zone du canal pour donner à l&rsquo;art toute sa place dans l&rsquo;espace public Bruxellois. Ils ont donc choisis la Gare Maritime pour acceuillir ce festival. Un lieu mythique&#8230; si vous ne connaissez pas encore l&rsquo;ancienne gare de marchandises de Tour &amp; Taxis, sachez que celle-ci a été magnifiquement restaurée. Avec ses salles majestueuses de 280 mètres de profondeur, dont la voûte repose sur des piliers élancés en fonte de style Art Nouveau, ce lieu historique fera de la visite de Sculptura #1 <strong>une expérience unique.</strong></p></blockquote>
<h2>Artistes présentés à l&rsquo;expo Scuptura</h2>
<ol>
<li>Atelier Van Lieshout (NL),</li>
<li>Willem Boel (BE),</li>
<li>Jean Boghossian (BE),</li>
<li>Dries Boutsen (BE),</li>
<li>Caroline Coolen (BE),</li>
<li>Ivan Cremer (NL),</li>
<li>Dirk De Keyzer (BE),</li>
<li>Nick Ervinck (BE),</li>
<li>Didier François (BE),</li>
<li>Tom Frantzen (BE),</li>
<li>Pal Horváth (HU),</li>
<li>Athar Jaber (BE),</li>
<li>Peter Jacquemyn (BE),</li>
<li>Kateřina Komm (CZ),</li>
<li>Arne Quinze (BE),</li>
<li>Mark Swysen (BE),</li>
<li>Gábor Miklós Szőke (HU),</li>
<li>Koenraad Tinel (BE),</li>
<li>Benedikt Tolar (CZ),</li>
<li>Koen Vanmechelen (BE),</li>
<li>Luk Van Soom (BE)</li>
<li>Eelke van Willegen (NL)</li>
</ol>
