{"id":15498,"date":"2023-12-03T22:50:19","date_gmt":"2023-12-03T21:50:19","guid":{"rendered":"https:\/\/www.insidebrussels.be\/V2\/?post_type=event_listing&#038;p=15498"},"modified":"2023-12-03T22:54:54","modified_gmt":"2023-12-03T21:54:54","slug":"marche-de-noel-de-los-a-moelle","status":"publish","type":"event_listing","link":"https:\/\/www.insidebrussels.be\/V2\/\u00e9v\u00e8nement\/marche-de-noel-de-los-a-moelle\/","title":{"rendered":"March\u00e9 de No\u00ebl de l\u2019Os \u00e0 Moelle"},"content":{"rendered":"\n<p>Vous la sentez l&rsquo;odeur de sapin et de vin chaud ? Vous aussi elle commence \u00e0 vous<br>titiller les narines ?<br>Bonne nouvelle ! Cette ann\u00e9e encore le plus grand march\u00e9 de No\u00ebl de Schaerbeek, le<br>l\u00e9gendaire March\u00e9 de No\u00ebl de l&rsquo;Os \u00e0 Moelle (le plus ancien cabaret de Bruxelles) revient<br>en force le week-end du 15 au 17 d\u00e9cembre \u00e0 Schaerbeek !<br>Venez d\u00e9ambuler parmi les nombreux stands d&rsquo;artisans, laissez vous tenter par une<br>tartiflette ou un vin chaud, r\u00e9chauffez vos mimines au coin d&rsquo;un brasero en \u00e9coutant des<br>chants de No\u00ebl.<br>L&rsquo;occasion de passer un agr\u00e9able moment en famille ou entre amis et de d\u00e9nicher vos<br>derniers cadeaux de No\u00ebl.<br>Ambiance assur\u00e9e !<br>Au programme :<\/p>\n\n\n\n<ul class=\"wp-block-list\">\n<li>March\u00e9 artisanal int\u00e9rieur et ext\u00e9rieur<\/li>\n\n\n\n<li>Environ 40 exposants aux styles divers et vari\u00e9s<\/li>\n\n\n\n<li>Guinguette: braseros, bar et petite restauration<\/li>\n\n\n\n<li>Animations familiales: grimages, contes, sculpture de ballons \u2026<\/li>\n\n\n\n<li>Animations musicales tout au long du week-end<\/li>\n\n\n\n<li>Visite du P\u00e8re No\u00ebl<\/li>\n\n\n\n<li>Photobooth<br>En pratique :<\/li>\n\n\n\n<li>Le vendredi 15 d\u00e9cembre de 16h \u00e0 22h<\/li>\n\n\n\n<li>le samedi 16 d\u00e9cembre de 13h \u00e0 22h<\/li>\n\n\n\n<li>le dimanche 17 d\u00e9cembre de 11h \u00e0 18h<br>L\u2019Os \u00e0 Moelle<br>Avenue Emile Max, 153<br>1030 Bruxelles<br>Site web de l\u2019\u00e9v\u00e8nement: www.lemarchedenoel.be<br>Site web de l\u2019organisateur: www.osamoelle.b<\/li>\n<\/ul>\n","protected":false},"featured_media":15500,"template":"","meta":{"_lmt_disableupdate":"","_lmt_disable":""},"event_listing_category":[935],"event_listing_type":[925],"class_list":["post-15498","event_listing","type-event_listing","status-publish","has-post-thumbnail","hentry","event_listing_category-community-culture","event_listing_type-party-or-social-gathering"],"amp_enabled":true,"_links":{"self":[{"href":"https:\/\/www.insidebrussels.be\/V2\/wp-json\/wp\/v2\/event_listing\/15498","targetHints":{"allow":["GET"]}}],"collection":[{"href":"https:\/\/www.insidebrussels.be\/V2\/wp-json\/wp\/v2\/event_listing"}],"about":[{"href":"https:\/\/www.insidebrussels.be\/V2\/wp-json\/wp\/v2\/types\/event_listing"}],"wp:featuredmedia":[{"embeddable":true,"href":"https:\/\/www.insidebrussels.be\/V2\/wp-json\/wp\/v2\/media\/15500"}],"wp:attachment":[{"href":"https:\/\/www.insidebrussels.be\/V2\/wp-json\/wp\/v2\/media?parent=15498"}],"wp:term":[{"taxonomy":"event_listing_category","embeddable":true,"href":"https:\/\/www.insidebrussels.be\/V2\/wp-json\/wp\/v2\/event_listing_category?post=15498"},{"taxonomy":"event_listing_type","embeddable":true,"href":"https:\/\/www.insidebrussels.be\/V2\/wp-json\/wp\/v2\/event_listing_type?post=15498"}],"curies":[{"name":"wp","href":"https:\/\/api.w.org\/{rel}","templated":true}]}}

https://www.insidebrussels.be/V2/évènement/marche-de-noel-de-los-a-moelle/

Marché de Noël de l’Os à Moelle

<p>Vous la sentez l&rsquo;odeur de sapin et de vin chaud ? Vous aussi elle commence à vous<br>titiller les narines ?<br>Bonne nouvelle ! Cette année encore le plus grand marché de Noël de Schaerbeek, le<br>légendaire Marché de Noël de l&rsquo;Os à Moelle (le plus ancien cabaret de Bruxelles) revient<br>en force le week-end du 15 au 17 décembre à Schaerbeek !<br>Venez déambuler parmi les nombreux stands d&rsquo;artisans, laissez vous tenter par une<br>tartiflette ou un vin chaud, réchauffez vos mimines au coin d&rsquo;un brasero en écoutant des<br>chants de Noël.<br>L&rsquo;occasion de passer un agréable moment en famille ou entre amis et de dénicher vos<br>derniers cadeaux de Noël.<br>Ambiance assurée !<br>Au programme :</p>



<ul class="wp-block-list">
<li>Marché artisanal intérieur et extérieur</li>



<li>Environ 40 exposants aux styles divers et variés</li>



<li>Guinguette: braseros, bar et petite restauration</li>



<li>Animations familiales: grimages, contes, sculpture de ballons …</li>



<li>Animations musicales tout au long du week-end</li>



<li>Visite du Père Noël</li>



<li>Photobooth<br>En pratique :</li>



<li>Le vendredi 15 décembre de 16h à 22h</li>



<li>le samedi 16 décembre de 13h à 22h</li>



<li>le dimanche 17 décembre de 11h à 18h<br>L’Os à Moelle<br>Avenue Emile Max, 153<br>1030 Bruxelles<br>Site web de l’évènement: www.lemarchedenoel.be<br>Site web de l’organisateur: www.osamoelle.b</li>
</ul>
