{"id":10011,"date":"2020-01-25T20:06:34","date_gmt":"2020-01-25T19:06:34","guid":{"rendered":"http:\/\/www.insidebrussels.be\/V2\/?page_id=10011"},"modified":"2020-01-30T19:40:09","modified_gmt":"2020-01-30T18:40:09","slug":"evenements-pour-les-geek-a-bruxelles","status":"publish","type":"page","link":"https:\/\/www.insidebrussels.be\/V2\/evenements-pour-les-geek-a-bruxelles\/","title":{"rendered":"Ev\u00e9nements pour les Geeks \u00e0 Bruxelles"},"content":{"rendered":"<h1><span style=\"color: #99cc00;\">Agenda des \u00e9v\u00e9nements pour les Geeks \u00e0 Bruxelles<\/span><\/h1>\n<p style=\"text-align: justify;\">Vous \u00eates un amateurs de <strong>films d&rsquo;animation<\/strong>, avez grandi avec une <strong>playstation<\/strong> en main, \u00eates int\u00e9ress\u00e9 par les <strong>Zombies et\u00a0la r\u00e9alit\u00e9 virtuelle&#8230;<\/strong>\u00a0? Enfillez votre cape de super-h\u00e9ros et rejoignez nous pour participer aux \u00e9v\u00e9nements qui paraissent \u00eatre \u00a0sp\u00e9cialement con\u00e7us pour les <strong>Geek Bruxellois.\u00a0<\/strong> Bruxelles regorge d&rsquo;\u00e9v\u00e9nements Geek. On pense notamment au\u00a0festival <strong>\u00ab\u00a0Anima\u00a0\u00bb,<\/strong>\u00a0<strong>\u00ab\u00a0Youplay\u00a0\u00bb,<\/strong>\u00a0\u00ab\u00a0<strong>Comic Con Brussels<\/strong>\u00a0\u00bb qui se\u00a0<a href=\"http:\/\/www.insidebrussels.be\/V2\/bruxelles\/tag\/tour-et-taxi\/\">Tour &amp; Taxis<\/a>\u00a0. Ne manquez pas non plus,\u00a0\u00a0le salon <strong>Made in Asia<\/strong>.<\/p>\n<p>[MEC id=\u00a0\u00bb10027&Prime;]<br \/>\n[quads id=2]<br \/>\n[MEC id=\u00a0\u00bb9784&Prime;]<\/p>\n","protected":false},"excerpt":{"rendered":"<p>Agenda des \u00e9v\u00e9nements pour les Geeks \u00e0 Bruxelles Vous \u00eates un amateurs de films d&rsquo;animation,<\/p>\n","protected":false},"author":1,"featured_media":10037,"parent":0,"menu_order":0,"comment_status":"closed","ping_status":"closed","template":"","meta":{"_lmt_disableupdate":"","_lmt_disable":"","footnotes":""},"class_list":["post-10011","page","type-page","status-publish","has-post-thumbnail","hentry"],"_links":{"self":[{"href":"https:\/\/www.insidebrussels.be\/V2\/wp-json\/wp\/v2\/pages\/10011","targetHints":{"allow":["GET"]}}],"collection":[{"href":"https:\/\/www.insidebrussels.be\/V2\/wp-json\/wp\/v2\/pages"}],"about":[{"href":"https:\/\/www.insidebrussels.be\/V2\/wp-json\/wp\/v2\/types\/page"}],"author":[{"embeddable":true,"href":"https:\/\/www.insidebrussels.be\/V2\/wp-json\/wp\/v2\/users\/1"}],"replies":[{"embeddable":true,"href":"https:\/\/www.insidebrussels.be\/V2\/wp-json\/wp\/v2\/comments?post=10011"}],"version-history":[{"count":12,"href":"https:\/\/www.insidebrussels.be\/V2\/wp-json\/wp\/v2\/pages\/10011\/revisions"}],"predecessor-version":[{"id":10038,"href":"https:\/\/www.insidebrussels.be\/V2\/wp-json\/wp\/v2\/pages\/10011\/revisions\/10038"}],"wp:featuredmedia":[{"embeddable":true,"href":"https:\/\/www.insidebrussels.be\/V2\/wp-json\/wp\/v2\/media\/10037"}],"wp:attachment":[{"href":"https:\/\/www.insidebrussels.be\/V2\/wp-json\/wp\/v2\/media?parent=10011"}],"curies":[{"name":"wp","href":"https:\/\/api.w.org\/{rel}","templated":true}]}}

Evénements pour les Geeks à Bruxelles

<h1><span style="color: #99cc00;">Agenda des événements pour les Geeks à Bruxelles</span></h1>
<p style="text-align: justify;">Vous êtes un amateurs de <strong>films d&rsquo;animation</strong>, avez grandi avec une <strong>playstation</strong> en main, êtes intéressé par les <strong>Zombies et la réalité virtuelle&#8230;</strong> ? Enfillez votre cape de super-héros et rejoignez nous pour participer aux événements qui paraissent être  spécialement conçus pour les <strong>Geek Bruxellois. </strong> Bruxelles regorge d&rsquo;événements Geek. On pense notamment au festival <strong>« Anima »,</strong> <strong>« Youplay »,</strong> « <strong>Comic Con Brussels</strong> » qui se <a href="http://www.insidebrussels.be/V2/bruxelles/tag/tour-et-taxi/">Tour &amp; Taxis</a> . Ne manquez pas non plus,  le salon <strong>Made in Asia</strong>.</p>
<p>[MEC id= »10027&Prime;]<br />
[quads id=2]<br />
[MEC id= »9784&Prime;]</p>

<p>Agenda des événements pour les Geeks à Bruxelles Vous êtes un amateurs de films d&rsquo;animation,</p>
