{"id":13008,"date":"2022-10-10T22:53:52","date_gmt":"2022-10-10T20:53:52","guid":{"rendered":"https:\/\/www.insidebrussels.be\/V2\/?page_id=13008"},"modified":"2022-11-29T00:36:45","modified_gmt":"2022-11-28T23:36:45","slug":"politique-des-cookies","status":"publish","type":"page","link":"https:\/\/www.insidebrussels.be\/V2\/politique-des-cookies\/","title":{"rendered":"Politique des Cookies"},"content":{"rendered":"<p>Politique relative aux cookies<br \/>\nDate d&rsquo;entr\u00e9e en vigueur\u00a0: 10 octobre 2022<br \/>\nDerni\u00e8re mise \u00e0 jour\u00a0: 10 octobre 2022<\/p>\n<p><strong>Que sont les cookies ?<\/strong><\/p>\n<p>Cette politique en mati\u00e8re de cookies explique ce que sont les cookies et comment nous les utilisons, les types de cookies que nous utilisons, c&rsquo;est-\u00e0-dire les informations que nous collectons \u00e0 l&rsquo;aide de cookies et comment ces informations sont utilis\u00e9es, et comment g\u00e9rer les param\u00e8tres des cookies.<\/p>\n<p>Les cookies sont de petits fichiers texte utilis\u00e9s pour stocker de petites informations. Ils sont stock\u00e9s sur votre appareil lorsque le site Web est charg\u00e9 sur votre navigateur. Ces cookies nous aident \u00e0 faire fonctionner correctement le site Web, \u00e0 le rendre plus s\u00e9curis\u00e9, \u00e0 offrir une meilleure exp\u00e9rience utilisateur et \u00e0 comprendre comment le site Web fonctionne et \u00e0 analyser ce qui fonctionne et o\u00f9 il doit \u00eatre am\u00e9lior\u00e9.<\/p>\n<p><strong><br \/>\nComment utilisons-nous les cookies ?<\/strong><br \/>\nComme la plupart des services en ligne, notre site Web utilise des cookies propri\u00e9taires et tiers \u00e0 plusieurs fins. Les cookies de premi\u00e8re partie sont principalement n\u00e9cessaires au bon fonctionnement du site Web et ne collectent aucune de vos donn\u00e9es personnellement identifiables.<\/p>\n<p>Les cookies tiers utilis\u00e9s sur notre site Web servent principalement \u00e0 comprendre le fonctionnement du site Web, la fa\u00e7on dont vous interagissez avec notre site Web, \u00e0 assurer la s\u00e9curit\u00e9 de nos services, \u00e0 fournir des publicit\u00e9s pertinentes pour vous et, dans l&rsquo;ensemble, \u00e0 vous fournir un utilisateur meilleur et am\u00e9lior\u00e9. exp\u00e9rience et aider \u00e0 acc\u00e9l\u00e9rer vos futures interactions avec notre site Web.<\/p>\n<p><strong>Les types de cookies que nous utilisons<\/strong><\/p>\n<p>G\u00e9rer les pr\u00e9f\u00e9rences en mati\u00e8re de cookies vie le banner cookies qui apparait sur notre site.<br \/>\nVous pouvez modifier vos pr\u00e9f\u00e9rences en mati\u00e8re de cookies \u00e0 tout moment en cliquant sur le bouton ci-dessus. Cela vous permettra de revoir la banni\u00e8re de consentement aux cookies et de modifier vos pr\u00e9f\u00e9rences ou de retirer votre consentement imm\u00e9diatement.<\/p>\n<p>Et en plus de cela, diff\u00e9rents navigateurs proposent diff\u00e9rentes m\u00e9thodes pour bloquer et supprimer les cookies utilis\u00e9s par les sites Web. Vous pouvez modifier les param\u00e8tres de votre navigateur pour bloquer\/supprimer les cookies. Vous trouverez ci-dessous les liens vers les documents d&rsquo;assistance sur la gestion et la suppression des cookies des principaux navigateurs Web.<\/p>\n<p>Chrome : https:\/\/support.google.com\/accounts\/answer\/32050<\/p>\n<p>Safari : https:\/\/support.apple.com\/en-in\/guide\/safari\/sfri11471\/mac<\/p>\n<p>Firefox : https:\/\/support.mozilla.org\/en-US\/kb\/clear-cookies-and-site-data-firefox?redirectslug=delete-cookies-remove-info-websites-stored&amp;redirectlocale=en-US<\/p>\n<p>Internet Explorer : https:\/\/support.microsoft.com\/en-us\/topic\/how-to-delete-cookie-files-in-internet-explorer-bca9446f-d873-78de-77ba-d42645fa52fc<\/p>\n<p>Si vous utilisez un autre navigateur Web, veuillez consulter les documents d&rsquo;assistance officiels de votre navigateur.<\/p>\n<p>Quels de note partenaires peuvent acc\u00e9der aux cookies publicitaires:<br \/>\nID Company name<br \/>\n2 Captify Technologies Limited<br \/>\n11 Quantcast International Limited<br \/>\n12 BeeswaxIO Corporation<br \/>\n16 RTB House S.A.<br \/>\n21 The Trade Desk<br \/>\n23 Amobee Inc.<br \/>\n25 Yahoo EMEA Limited<br \/>\n39 ADITION technologies GmbH<br \/>\n40 Active Agent (ADITION technologies GmbH)<br \/>\n50 Adform<br \/>\n68 Sizmek by Amazon<br \/>\n71 Roku Advertising Services<br \/>\n73 Simplifi Holdings Inc<br \/>\n76 PubMatic, Inc.<br \/>\n79 MediaMath, Inc.<br \/>\n87 Betgenius Ltd<br \/>\n91 Criteo SA<br \/>\n128 BIDSWITCH GmbH<br \/>\n129 IPONWEB GmbH<br \/>\n142 Media.net Advertising FZ-LLC<br \/>\n151 Admedo Technology Ltd<br \/>\n156 Centro, Inc.<br \/>\n161 Smadex SL<br \/>\n238 StackAdapt<br \/>\n253 Improve Digital<br \/>\n254 LiquidM Technology GmbH<br \/>\n264 Adobe Advertising Cloud<br \/>\n284 Weborama<br \/>\n316 Gamned<br \/>\n382 The Reach Group GmbH<br \/>\n423 travel audience GmbH<br \/>\n469 Zeta Global<br \/>\n565 Adobe Audience Manager, Adobe Experience Platform<br \/>\n655 Sportradar AG<br \/>\n755 Google Advertising Products<br \/>\n776 Mars Media Group<br \/>\n793 Amazon Advertising<br \/>\n922 Amnet GmbH<br \/>\n990 QuantumCast digital GmbH<br \/>\n32 Xandr<br \/>\n45 Smart Adserver<br \/>\n52 Magnite, Inc.<br \/>\n102 Magnite, Inc. (Outstream)<br \/>\n81 PulsePoint<br \/>\n10 Index Exchange, Inc.<br \/>\n114 Sublime<br \/>\n164 Outbrain UK Ltd<br \/>\n42 Taboola Europe Limited<br \/>\n13 Sovrn Holdings Inc<br \/>\n183 EMX Digital LLC<br \/>\n165 SpotX, Inc<br \/>\n259 ADYOULIKE SA<br \/>\n132 Teads<br \/>\n72 Nano Interactive GmbH<br \/>\n724 Between Exchange<br \/>\n62 Justpremium BV<br \/>\n69 OpenX<br \/>\n639 Smile Wanted Group<br \/>\n241 OneTag Limited<br \/>\n108 Rich Audience Technologies SL<br \/>\n28 TripleLift, Inc.<br \/>\n617 Onfocus (Adagio)<br \/>\n511 Admixer EU GmbH<br \/>\n816 NoBid, Inc.<br \/>\n138 ConnectAd Realtime GmbH<br \/>\n606 Impactify<br \/>\n436 INVIBES GROUP<br \/>\n80 Sharethrough, Inc<br \/>\n924 Viewdeos 2015 LTD<br \/>\n799 Adpone SL<br \/>\n90 Teroa S.A.<br \/>\n410 Adtelligent Inc.<br \/>\n780 Aniview LTD<br \/>\n666 BeOp<br \/>\n24 Epsilon<br \/>\n781 FeedAd GmbH<br \/>\n737 Monet Engine Inc<br \/>\n210 Zemanta, Inc.<br \/>\n610 Azerion Holding B.V.<br \/>\n31 Ogury Ltd.<br \/>\n157 Seedtag Advertising S.L<br \/>\n61 GumGum, Inc.<br \/>\n434 DynAdmic<br \/>\n484 SublimeSkinz &#8211; Adledge<br \/>\n301 ZEOTAP<br \/>\n380 Vidoomy Media SL<\/p>\n","protected":false},"excerpt":{"rendered":"<p>Politique relative aux cookies Date d&rsquo;entr\u00e9e en vigueur\u00a0: 10 octobre 2022 Derni\u00e8re mise \u00e0 jour\u00a0:<\/p>\n","protected":false},"author":1,"featured_media":0,"parent":0,"menu_order":0,"comment_status":"closed","ping_status":"closed","template":"","meta":{"_lmt_disableupdate":"","_lmt_disable":"","footnotes":""},"class_list":["post-13008","page","type-page","status-publish","hentry"],"_links":{"self":[{"href":"https:\/\/www.insidebrussels.be\/V2\/wp-json\/wp\/v2\/pages\/13008","targetHints":{"allow":["GET"]}}],"collection":[{"href":"https:\/\/www.insidebrussels.be\/V2\/wp-json\/wp\/v2\/pages"}],"about":[{"href":"https:\/\/www.insidebrussels.be\/V2\/wp-json\/wp\/v2\/types\/page"}],"author":[{"embeddable":true,"href":"https:\/\/www.insidebrussels.be\/V2\/wp-json\/wp\/v2\/users\/1"}],"replies":[{"embeddable":true,"href":"https:\/\/www.insidebrussels.be\/V2\/wp-json\/wp\/v2\/comments?post=13008"}],"version-history":[{"count":3,"href":"https:\/\/www.insidebrussels.be\/V2\/wp-json\/wp\/v2\/pages\/13008\/revisions"}],"predecessor-version":[{"id":13011,"href":"https:\/\/www.insidebrussels.be\/V2\/wp-json\/wp\/v2\/pages\/13008\/revisions\/13011"}],"wp:attachment":[{"href":"https:\/\/www.insidebrussels.be\/V2\/wp-json\/wp\/v2\/media?parent=13008"}],"curies":[{"name":"wp","href":"https:\/\/api.w.org\/{rel}","templated":true}]}}