{"id":9789,"date":"2020-01-19T12:28:48","date_gmt":"2020-01-19T11:28:48","guid":{"rendered":"http:\/\/www.insidebrussels.be\/V2\/?page_id=9789"},"modified":"2020-02-24T20:52:59","modified_gmt":"2020-02-24T19:52:59","slug":"agenda-prochains-evenements-a-bruxelles","status":"publish","type":"page","link":"https:\/\/www.insidebrussels.be\/V2\/agenda-prochains-evenements-a-bruxelles\/","title":{"rendered":"Agenda des prochains \u00e9v\u00e9nements \u00e0 Bruxelles"},"content":{"rendered":"<h2><span style=\"color: #99cc00;\">Que faire \u00e0 Bruxelles aujourd&rsquo;hui ?<\/span><\/h2>\n<p>Voici notre agenda des \u00e9v\u00e9nements culturels et expositions \u00e0 faire \u00e0 Bruxelles dans les prochains jours. Ceci devrait vous inspirer pour planifier vos visites et weekends \u00e0 Bruxelles. Nous avons recens\u00e9 l&rsquo;agenda culturel, geek, foodies et musical de Bruxelles. Vous ne vous demanderez plus quoi faire ce weekend \u00e0 Bruxelles apr\u00e8s avoir l\u00fb ci-dessous.<\/p>\n<p>[MEC id=\u00a0\u00bb9781&Prime;]<\/p>\n<p>&nbsp;<\/p>\n","protected":false},"excerpt":{"rendered":"<p>Que faire \u00e0 Bruxelles aujourd&rsquo;hui ? Voici notre agenda des \u00e9v\u00e9nements culturels et expositions \u00e0<\/p>\n","protected":false},"author":1,"featured_media":0,"parent":0,"menu_order":0,"comment_status":"closed","ping_status":"closed","template":"","meta":{"_lmt_disableupdate":"","_lmt_disable":"","footnotes":""},"class_list":["post-9789","page","type-page","status-publish","hentry"],"_links":{"self":[{"href":"https:\/\/www.insidebrussels.be\/V2\/wp-json\/wp\/v2\/pages\/9789","targetHints":{"allow":["GET"]}}],"collection":[{"href":"https:\/\/www.insidebrussels.be\/V2\/wp-json\/wp\/v2\/pages"}],"about":[{"href":"https:\/\/www.insidebrussels.be\/V2\/wp-json\/wp\/v2\/types\/page"}],"author":[{"embeddable":true,"href":"https:\/\/www.insidebrussels.be\/V2\/wp-json\/wp\/v2\/users\/1"}],"replies":[{"embeddable":true,"href":"https:\/\/www.insidebrussels.be\/V2\/wp-json\/wp\/v2\/comments?post=9789"}],"version-history":[{"count":7,"href":"https:\/\/www.insidebrussels.be\/V2\/wp-json\/wp\/v2\/pages\/9789\/revisions"}],"predecessor-version":[{"id":10034,"href":"https:\/\/www.insidebrussels.be\/V2\/wp-json\/wp\/v2\/pages\/9789\/revisions\/10034"}],"wp:attachment":[{"href":"https:\/\/www.insidebrussels.be\/V2\/wp-json\/wp\/v2\/media?parent=9789"}],"curies":[{"name":"wp","href":"https:\/\/api.w.org\/{rel}","templated":true}]}}